.
1
Let j(r) = -r**2 - r + 64. Determine j(-9).
-8
Let x(k) = 5*k**3 - 36*k**2 + k + 4. Give x(7).
-38
Let y(a) = -2*a + 7. Calculate y(-3).
13
Let f(l) = -l**3 - 6*l**2 - 3*l + 5. Give f(-6).
23
Let p(f) = f**2 - 5*f + 1. What is p(5)?
1
Let o(i) = -i**2 + 14*i + 90. What is o(-5)?
-5
Let g(x) = 2*x**3 - 54*x**2 - 55*x - 2. Give g(28).
26
Let u(w) = -w**3 + 6*w**2 - 7*w - 9. Calculate u(4).
-5
Let c(q) = -q**3 - 5*q**2 + 13*q - 3. Calculate c(-6).
-45
Let p(i) = 21*i - 10. What is p(4)?
74
Let h(j) = -49*j + 740. Give h(15).
5
Let k(i) = -9*i + 2. Determine k(2).
-16
Let j(s) = -11*s - 22. Give j(-2).
0
Let n(h) = -h**3 - 6*h**2 + 2*h - 3. What is n(-5)?
-38
Let c(w) = -w**3 - 4*w**2 - 3*w + 7. Determine c(-2).
5
Let j(u) = -10*u + 53. Determine j(5).
3
Let x(h) = h**2 + 19*h - 73. Give x(-22).
-7
Let n(i) = -i**2 + 4*i + 4. Give n(4).
4
Let f(w) = -24*w - 189. Give f(-8).
3
Let d(a) = a**3 + 8*a**2 + 13*a - 8. Determine d(-6).
-14
Let m(p) = -p**3 + p**2 + 3*p - 1. Give m(2).
1
Let m(d) = -3*d - 16. Calculate m(-15).
29
Let f(x) = x**2 + 7*x - 11. Give f(-9).
7
Let u(y) = 2*y**2 + 5*y - 5. What is u(-6)?
37
Let f(z) = 34*z - 2. Give f(-2).
-70
Let w(a) = -24*a - 159. What is w(-10)?
81
Let x(f) = -f**3 - 33*f**2 + 34*f - 13. Determine x(-34).
-13
Let t(m) = m**3 - m**2 - 5*m - 5. What is t(-2)?
-7
Let k(p) = 10*p + 114. Give k(-14).
-26
Let c(k) = -k**3 + 3*k**2 + 8*k - 10. Calculate c(4).
6
Let a(x) = x**3 + 2*x**2 - 12*x - 15. What is a(-4)?
1
Let t(g) = 4*g - 44. Determine t(10).
-4
Let v(c) = c**3 - 18*c**2 - 17*c - 56. What is v(19)?
-18
Let v(f) = -f - 3. Give v(-3).
0
Let z(o) = -99*o**2 + 2*o. What is z(1)?
-97
Let n(s) = -4*s + 63. Calculate n(14).
7
Let p(o) = o**3 - 8*o**2 + 7*o - 13. Calculate p(7).
-13
Let k(b) = b + 8. Give k(0).
8
Let q(v) = v**2 - 3*v - 1. Determine q(-3).
17
Let w(u) = -7*u + 6. Determine w(-1).
13
Let g(z) = -z. Calculate g(-12).
12
Let c(s) = -s + 1. Give c(2).
-1
Let b(n) = -n**2 - 13*n - 29. Calculate b(-10).
1
Let k(u) = -u**2 - u + 417. What is k(20)?
-3
Let v(o) = 3*o**2 - 9*o + 9. Determine v(2).
3
Let z(y) = -4*y**2 - 4*y + 7. Calculate z(3).
-41
Let k(o) = o - 2. Determine k(2).
0
Let x(q) = q**2 + 7*q - 13. What is x(-9)?
5
Let i(f) = 3*f**2 + f + 3. Give i(-2).
13
Let x(s) = 20*s - 12. Determine x(1).
8
Let z(w) = 8*w - 11. Determine z(8).
53
Let l(t) = t**2 + 5*t + 19. What is l(-4)?
15
Let u(r) = r**3 - 8*r**2 + 17*r + 1. Determine u(5).
11
Let n(q) = -7*q + 1. Determine n(2).
-13
Let p(j) = j**3 - 8*j**2 - 5*j - 30. Calculate p(9).
6
Let h(j) = -7*j**3 - 5*j**2 - 13*j - 13. Calculate h(-2).
49
Let s(o) = 6*o + 1. What is s(1)?
7
Let k(l) = -l - 9. Determine k(-10).
1
Let w(r) = -6*r + 41. Calculate w(7).
-1
Let w(z) = -z**3 - 5*z**2 - 9*z + 7. Determine w(-5).
52
Let k(n) = -61*n - 432. Calculate k(-7).
-5
Let z(t) = -48*t - 1. Calculate z(-1).
47
Let g(r) = -r**3 - r**2 + r + 4. What is g(-2)?
6
Let l(w) = w**3 + 3*w**2 - 4. What is l(-2)?
0
Let f(d) = d**3 + 2*d**2 - 11*d. Give f(-4).
12
Let u(b) = 24*b - 96. Calculate u(4).
0
Let a(k) = k**2 + 3*k - 42. Give a(0).
-42
Let h(f) = 2*f**2 - 5*f - 7. Calculate h(-3).
26
Let t(a) = -a**3 - 13*a**2 - 13*a - 13. Calculate t(-12).
-1
Let a(i) = -7*i - 58. Calculate a(-7).
-9
Let l(s) = 2*s + 25. Calculate l(-7).
11
Let k(y) = y**3 - 5*y**2 + 7*y - 11. Calculate k(4).
1
Let h(q) = 2*q**3 - q - 1. Determine h(-1).
-2
Let c(z) = z**3 - 8*z**2 + 5*z + 17. What is c(7)?
3
Let k(j) = 6*j**3 + 4*j**2 - 2*j + 1. What is k(2)?
61
Let r(p) = 2*p**3 - 45*p**2 + 23*p - 1. Determine r(22).
21
Let z(a) = a**2 - 31*a + 138. Calculate z(6).
-12
Let p(t) = 25*t + 112. Calculate p(-4).
12
Let q(c) = -2*c**3 - 3*c**2 - 2. Determine q(-2).
2
Let j(p) = p**2 - 41*p + 234. Determine j(34).
-4
Let h(x) = x**2 + 12*x - 175. Determine h(8).
-15
Let g(j) = j**3 + 11*j**2 + 7*j + 5. Give g(-10).
35
Let i(l) = -134*l**2 + 5*l - 3. Calculate i(1).
-132
Let q(a) = -a**2 - 25*a - 42. Determine q(-23).
4
Let d(x) = -x**2 + 7*x - 9. What is d(5)?
1
Let k(o) = -10*o**2 - o - 1. Calculate k(-1).
-10
Let y(b) = -b**3 - 4*b**2 - 6. Determine y(-4).
-6
Let v(s) = 10*s - 73. Give v(6).
-13
Let r(q) = -q**3 + 7*q**2 - 5*q + 25. Give r(7).
-10
Let h(z) = 4*z**3 + 3*z**2 - 4. Determine h(-2).
-24
Let i(h) = h + 5. Calculate i(0).
5
Let n(h) = -24*h + 27. What is n(0)?
27
Let o(p) = -p**3 + 13*p**2 + 16*p - 9. What is o(14)?
19
Let s(i) = -2*i**2 - 2*i - 1. What is s(-1)?
-1
Let j(s) = -s**2 - 26. What is j(0)?
-26
Let j(s) = -4*s - 2. Calculate j(-3).
10
Let t(i) = -4*i + 11. What is t(-5)?
31
Let t(v) = -54*v - 220. Calculate t(-4).
-4
Let w(s) = 46*s + 122. Determine w(-3).
-16
Let c(m) = -3*m**3 + 29*m**2 - 17*m - 16. What is c(9)?
-7
Let o(t) = 5*t + 26. Give o(-15).
-49
Let n(i) = i**3 - 24*i**2 + 23*i - 51. Determine n(23).
-51
Let t(c) = -c**2 - 28*c - 137. Determine t(-8).
23
Let i(o) = -11*o - 74. What is i(-9)?
25
Let w(a) = -a**3 + 4*a**2 - 4*a + 6. What is w(4)?
-10
Let o(n) = -5*n - 1. What is o(-4)?
19
Let p(l) = -4*l + 12. What is p(-7)?
40
Let w(d) = -59*d - 408. Calculate w(-7).
5
Let f(b) = -b**3 - 2*b**2 - 4*b + 2. Give f(4).
-110
Let b(p) = p**3 + 15*p**2 - 15*p - 34. What is b(-16)?
-50
Let a(l) = -3*l**2 - 4*l - 31. Calculate a(-4).
-63
Let x(i) = i**2 + 3. What is x(1)?
4
Let n(y) = y**2 + 21*y + 26. Give n(-19).
-12
Let q(g) = -g - 14. What is q(-13)?
-1
Let c(x) = -x**3 + 7*x**2 + 5*x - 14. Determine c(5).
61
Let i(h) = -h**3 - 2*h**2 - 1. Calculate i(-2).
-1
Let n(o) = 14*o + 62. Calculate n(-6).
-22
Let v(a) = -4*a**2 - 3*a - 4. What is v(-2)?
-14
Let o(t) = 2*t**3 + 21*t**2 + 11*t + 18. Give o(-10).
8
Let l(f) = -36*f**2 + 5*f - 4. Determine l(1).
-35
Let r(k) = k + 2. Give r(-2).
0
Let w(t) = t + 34. Determine w(-8).
26
Let x(y) = -y**3 + 2*y**2 + y - 1. Determine x(2).
1
Let u(z) = 4*z**2 + 2*z - 2. Determine u(-3).
28
Let v(y) = 9*y + 99. Calculate v(-18).
-63
Let d(h) = 40*h - 76. What is d(2)?
4
Let n(r) = r**3 - 17*r**2 - 41*r + 53. Calculate n(19).
-4
Let x(q) = -q**3 + 5*q**2 - 5*q + 26. What is x(5)?
1
Let p(v) = -2*v**2 + 10*v + 2. Give p(5).
2
Let i(z) = z**3 + z**2 - 4*z - 1. Calculate i(3).
23
Let p(y) = -2*y**2 + 36*y + 223. Calculate p(23).
-7
Let m(o) = 4*o**3 + 5*o**2 - 3*o - 1. What is m(1)?
5
Let q(k) = 12*k - 228. Calculate q(19).
0
Let i(t) = t**2 + 4*t - 2. Determine i(-4).
-2
Let p(d) = -d**3 - 38*d**2 - 34*d + 116. Calculate p(-37).
5
Let g(z) = -4*z**2 + 10*z + 7. Calculate g(-4).
-97
Let p(q) = -17*q + 119. Give p(8).
-17
Let k(b) = -9*b + 2. Calculate k(-5).
47
Let v(z) = 2*z**2 + 28*z - 5. What is v(-14)?
-5
Let m(c) = c**2 + 10*c + 19. Determine m(-9).
10
Let r(b) = -b**2 + 12*b - 23. Give r(10).
-3
Let n(a) = a**2 - 19*a + 69. What is n(14)?
-1
Let k(p) = -p**2 + 2*p - 5. Determine k(-8).
-85
Let a(l) = -50*l + 228. Give a(5).
-22
Let x(q) = -q**3 + 5*q**2 - 12*q + 24. What is x(4)?
-8
Let a(k) = 2*k**2 + 3*k - 20. Give a(3).
7
Let l(b) = b**2 + b - 3. What is l(3)?
9
Let f(a) = 2*a**2 + 8*a - 20. Determine f(-6).
4
Let h(o) = -4*o + 28. Give h(4).
12
Let b(j) = 9*j. Determine b(-3).
-27
Let g(f) = 2*f**2 + 7*f - 6. Calculate g(-6).
24
Let k(r) = -r**3 + 3*r**2 - 3. Give k(-1).
1
Let h(q) = -6*q + 1. Calculate h(-2).
13
Let o(q) = q**3 + 6*q**2 - q - 1. Give o(-6).
5
Let f(q) = 3*q - 40. What is f(12)?
-4
Let k(x) = -26*x**2 + 29*x - 3. Give k(1).
0
Let p(w) = 2*w**2 + 20*w. Calculate p(-9).
-18
Let a(u) = -u + 7. What is a(18)?
-11
Let r(b) = b**3 - 10*b**2 + 5*b + 20. Determine r(9).
-16
Let x(s) = s**3 + 22*s**2 - 28*s - 113. What is x(-23)?
2
Let n(u) = 2*u**2 + 92*u + 95. Calculate n(-45).
5
Let z(r) = 4*r**2 + 25*r + 5. Give z(-6).
-1
Let u(o) = o**3 + 16*o**2 + 18*o + 35. Calculate u(-15).
-10
Let f(a) = -7*a**3 - 1. Give f(-1).
6
Let i(c) = -c**2 - 10*c - 19. Calculate i(-11).
-30
Let y(f) = 4*f - 44. Determine y(7).
-16
Let g(i) = i**2 - i - 9. Give g(4).
3
Let z(m) = m**3 - 3*m. Determine z(2).
2
Let m(n) = 2*n**3 + n. Determine m(-1).
-3
Let a(q) = -q**2 - 17*q - 66. Determine a(-12).
-6
Let d(x) = x**2 + 2*x - 4. Determine d(-4).
4
Let b(j) = -3*j + 43. Determine b(21).
-20
Let f(o) = -5*o - 9. Determine f(7).
-44
Let b(q) = -2*q**2 + 18*q - 16. Calculate b(8).
0
Let w(k) = 3*k**3 + k**2 + 3*k + 2. Calculate w(-1).
